ivisor of p and 70.
70
Suppose -1258 = -4*s + 4*j - 178, -s + 4*j = -255. Suppose 332 = -25*h - 18. Let c = 11 - h. Calculate the highest common divisor of c and s.
25
Suppose 7*k - 4*k - 21 = 0. Suppose -g - 4*w = -338, 5*g - 8*w + k*w = 1753. What is the greatest common factor of 100 and g?
50
Let i = 197 - 202. Let t be (i/(-3) - 1) + 392/24. What is the greatest common divisor of 17 and t?
17
Suppose n = 2*n - 25. Let z(j) = -22*j**2 - 418*j - 295. Let o be z(-4). What is the greatest common divisor of o and n?
25
Let a(v) = 9*v**2 + 591*v + 1772. Let s be a(-3). Calculate the greatest common divisor of s and 3820.
20
Let h = -8290 - -16780. What is the highest common factor of 10 and h?
10
Let w be 1*603/15 - 2/10. Let q(b) = -6*b + 12. Suppose -l + 6 = 14. Let s be q(l). What is the greatest common factor of s and w?
20
Let i be (-4 + (-170)/(-25))/(4/520). Calculate the highest common factor of i and 252.
28
Suppose 0 = -5*u - 5*k + 210, 5*k - 120 = -5*u + 2*u. Let q = -24 + u. Suppose 2148*o - 2164*o = -5376. What is the highest common factor of q and o?
21
Let r = 516 - 312. Suppose -5*g = 2*v - 538, 2*v = 5*g - 3*g - r. Suppose -5*w + 164 + g = 0. What is the highest common divisor of w and 81?
27
Let v be -2 - (1 - 9)*1. Suppose 47 = -5*t + 157. Let h = t + 8. Calculate the greatest common divisor of h and v.
6
Let b(a) = -a**3 - 19*a**2 + 3*a - 172. Let x be b(-20). Calculate the highest common factor of 1624 and x.
56
Let l = 189 + 119. Suppose -306*z + l*z = 76. Calculate the highest common divisor of z and 456.
38
Let u(k) = k - 19. Let x be u(18). Let y(q) = 103*q**2 - 5*q - 6. Let j be y(x). Calculate the highest common divisor of j and 18.
6
Let h be 699/33 + (-39)/33 + 1. Let i be -2 - -4*(-52)/(-8). Suppose 0 = -w + i + 39. What is the greatest common factor of h and w?
21
Let i(y) = -55*y - 105. Let b be i(-19). What is the highest common factor of 752 and b?
188
Suppose -3*p - 48 = 3*p. Let c(f) = -72*f - 1. Let v be c(p). Calculate the highest common factor of 23 and v.
23
Suppose -2*h + 50 = 4*j, -2*h = j - 0*h - 11. Suppose 6*w + 1099 = j*w. Let f = -91 + w. Calculate the highest common divisor of f and 44.
22
Let f be -4 + (-3 - 1) + 50. Suppose -f*i = -37*i - 330. Let m = -65 + i. Calculate the highest common divisor of 3 and m.
1
Suppose -11*j + 125*j - 457622 = -7*j. Calculate the greatest common divisor of 434 and j.
62
Let s(f) = 39*f + 842. Let x be s(-17). Calculate the highest common factor of x and 895.
179
Let y = -104 + 99. Let n be 5/y - 3 - (-8 + 2). What is the highest common divisor of n and 2?
2
Let v = -888 - -883. Let o(l) = 2*l**2 - 13*l + 4. Let a be o(v). What is the highest common divisor of 7 and a?
7
Let o(z) = -6*z - 1. Let p be o(-3). Let i be 2/(-12) + (-382972)/(-1608). What is the highest common factor of p and i?
17
Suppose -6*t + 2294 = -3*t - 2*s, 4*t - s - 3067 = 0. Suppose 0 = -79*v + 71*v + t. What is the greatest common factor of v and 120?
24
Let y = -900 + 497. Let k = -216 - y. Suppose 5*p = -3*p + 136. Calculate the greatest common factor of p and k.
17
Let s(l) = -9*l + 192. Let o be s(10). What is the greatest common factor of o and 357?
51
Let c = -199 + 201. Suppose 0*v - c*v = -48. Calculate the highest common divisor of 468 and v.
12
Let c(g) be the first derivative of -g**4/4 + 22*g**3/3 - 21*g**2/2 + 8*g + 25. Let w be c(21). What is the greatest common divisor of 4 and w?
4
Suppose -2*g - f = -54, -5*g + 88 = 2*f - 45. Let b(p) = 14*p**2 - 54*p + 45. Let t be b(5). Calculate the highest common factor of g and t.
25
Let k be ((-250)/(-4))/(2/8). Let t = -186865 + 186895. What is the greatest common divisor of k and t?
10
Suppose 8*f + 16 = 48. Suppose -85 = 5*r - 3*h, 5*h - 15 = f*r + 66. Let n be 1/((-2)/(-2 + r)). Calculate the highest common divisor of 1 and n.
1
Let z(p) = p**3 - 21*p**2 + 103*p + 74. Let u be z(14). What is the greatest common factor of 333 and u?
9
Let f be (-7)/(14/(-8)) + 4616. Calculate the highest common factor of f and 280.
140
Suppose -i + 65 = 4*t - 6, i + 5*t = 75. Suppose i*j - 5104 = 44*j. Calculate the greatest common divisor of 16 and j.
16
Let h = 11291 + -11267. What is the highest common divisor of h and 9504?
24
Let o(w) = 2*w**2 + w - 381. Let s be o(0). Let k be -7 - 12/(-3) - s. Suppose -k - 18 = -2*n. What is the highest common factor of n and 18?
18
Let g(l) = l**3 - 88*l**2 + 432*l + 279. Let a be g(83). Calculate the highest common divisor of 40 and a.
10
Suppose 15159 = n + 30*n. Let y = -457 + n. Calculate the greatest common divisor of y and 20.
4
Let c = -103 + 98. Let d(p) = p**3 + 7*p**2 + 3*p - 10. Let m be d(c). What is the highest common divisor of 425 and m?
25
Suppose 3*l = -7*w + 602, -l = -w - 338 + 104. Let g be 0*2/4 + 119. Let b = -63 + g. What is the greatest common factor of b and l?
56
Let d be (2 + -4)*(-21)/(-6) + 5981. What is the greatest common divisor of d and 116?
58
Suppose 0*o - l = -3*o - 124, 5*o + 210 = 5*l. Let p = o + 97. What is the highest common factor of p and 84?
28
Let j = 52 + -48. Suppose -7*c + j*c = -6. Let f be (-5 - -1) + (-12)/(-4) + c. What is the highest common factor of f and 1?
1
Let y = -1593 + 1697. What is the highest common factor of 36 and y?
4
Let p be (-6)/2*(-5)/3. Suppose 24 = 8*b - 8. Suppose -2*o = p*s + o - 55, -2*o = b*s - 46. What is the highest common divisor of 126 and s?
14
Let a(t) = 1527*t - 453. Let u be a(2). Calculate the greatest common factor of u and 9.
9
Let c(j) = 21*j**3 - 10*j**2 - 10 - 10*j**3 - 12*j**3 + j + 44. Let p be c(-10). Calculate the greatest common factor of p and 312.
24
Suppose -x = 4*p - 31 + 3, 3*x = -p + 29. Let z be ((-6)/x*6)/(34/(-340)). What is the greatest common factor of z and 315?
45
Let k be (10/(-6) - -1) + (-4752)/(-81). Suppose -k = -2*t + 68. Calculate the highest common divisor of t and 126.
63
Let i = -20560 - -20678. Suppose 1 = 4*a - 7. What is the highest common divisor of i and a?
2
Let g be -6*(-4)/132 - 1580/(-22). Suppose -5*n - l + 45 = 0, 0 = 6*n - n + 5*l - 45. What is the highest common factor of g and n?
9
Let j = -1353 - -1357. Let r(l) = l**2 - 3*l + 12. Let f be r(-8). What is the greatest common factor of j and f?
4
Let n be 324/(-324) + (1 - -19). Calculate the greatest common divisor of n and 10.
1
Suppose 234*i - 409*i + 72275 = 0. Let u(h) = 14*h**2 + 3*h - 3. Let w be u(2). What is the greatest common factor of w and i?
59
Let i be 15*(140/(-25))/14*38/(-3). Calculate the highest common factor of i and 3116.
76
Let i(a) = -4*a**3 + 3 + 3*a + 5*a**3 + 14*a - 18*a**2. Let p be i(17). Let z be 11*(-4 - -7)*1. What is the greatest common divisor of p and z?
3
Let r(m) = -4*m**2 + 11*m + 8. Let j be r(5). Let i = j - -157. What is the greatest common factor of i and 24?
24
Let k(x) = -25*x**2 + 26*x - 100. Let f be k(5). Let a = f + 597. Calculate the highest common divisor of 83 and a.
1
Let j(x) = -x**2 - 16. Let z be j(6). Let u = 57 + z. Suppose 4*m + 2*a - 418 = 0, u*m + 0*m + 3*a = 523. What is the greatest common divisor of 13 and m?
13
Suppose 4*u + n = 1, 3*n - 14 = -5*u - 18. What is the highest common factor of u and 1?
1
Let u be 1354/4*4/2. Let m = -395 + u. What is the highest common divisor of m and 6?
6
Suppose -4*h + 2*x + 672 = 0, 0 = 6*h - h - 4*x - 834. Let y be (-11)/((-165)/140) + (-4)/(-6). What is the greatest common divisor of h and y?
10
Let c = 11168 - 11088. Let r(h) = -5*h - 20. Let q be r(-12). Calculate the greatest common factor of q and c.
40
Suppose 24 = -4*z, -3*w + 191 + 175 = -2*z. What is the highest common factor of 2891 and w?
59
Suppose 0 = -a - x + 1958, 4*a - 1421 - 6399 = 2*x. What is the highest common factor of a and 18?
6
Suppose 5*q - 2*h - 981 = -314, q - 2*h - 135 = 0. What is the greatest common divisor of q and 1029?
7
Suppose -2043 = -x - 30*r + 33*r, 4*r = 3*x - 6169. What is the greatest common factor of x and 583?
53
Suppose 25238 = 2*k - 3*x, 29*x = 2*k + 21*x - 25208. Calculate the greatest common divisor of 11 and k.
11
Suppose -5*d + 4*s + 71 - 408 = 0, 3*s = 4*d + 269. Let n(f) = -55*f. Let h be n(1). Let i = h - d. Calculate the greatest common divisor of 10 and i.
10
Let m(l) = 42*l**3 + l**2 + 12*l - 13. Let i be m(1). Let c = 1032 -